{"id":3106,"date":"2025-10-08T14:39:08","date_gmt":"2025-10-08T14:39:08","guid":{"rendered":"https:\/\/roldiwines.com\/?post_type=product&#038;p=3106"},"modified":"2026-03-17T16:04:16","modified_gmt":"2026-03-17T16:04:16","slug":"blanc-de-marges-bodega-lolivera","status":"publish","type":"product","link":"https:\/\/roldiwines.com\/?product=blanc-de-marges-bodega-lolivera&lang=es","title":{"rendered":"Blanc de Marges &#8211; Bodega l&#8217;Olivera"},"content":{"rendered":"","protected":false},"excerpt":{"rendered":"<p>Viticultura ecol\u00f3gica sin riego. Vendimia manual en cajas y selecci\u00f3n de la uva en el vi\u00f1edo. La vendimia se realiza a pie en el propio vi\u00f1edo, donde comienza la fermentaci\u00f3n espont\u00e1nea con levaduras salvajes del vi\u00f1edo. La fermentaci\u00f3n se completa en la bodega en un dep\u00f3sito de acero inoxidable sin control de temperatura y sin aditivos para obtener un vino con una intervenci\u00f3n m\u00ednima. La fermentaci\u00f3n finaliza en cuanto se ha consumido todo el az\u00facar y, a continuaci\u00f3n, se embotella el vino. El vino presenta un color amarillo pajizo. En nariz es intenso, con aromas dulces, notas de albaricoque y melocot\u00f3n blanco y un toque salado de hinojo. En boca es redondo y con cuerpo, equilibrado y claro. Se caracteriza por su riqueza y una nota bals\u00e1mica.<\/p>\n","protected":false},"featured_media":1384,"template":"","meta":{"_et_pb_use_builder":"","_et_pb_old_content":"","_et_gb_content_width":""},"product_brand":[613],"product_cat":[616,643,645,647],"product_tag":[2107],"class_list":{"0":"post-3106","1":"product","2":"type-product","3":"status-publish","4":"has-post-thumbnail","6":"product_brand-lolivera___es","7":"product_cat-do-costers-del-segre___es","8":"product_cat-malvasia___es","9":"product_cat-garnatxa-blanca___es","10":"product_cat-xarel-lo___es","11":"product_tag-minima-intervencion","13":"first","14":"instock","15":"taxable","16":"shipping-taxable","17":"purchasable","18":"product-type-variable","19":"has-default-attributes"},"pll_sync_post":{},"lang":"es","translations":{"es":3106,"de":3102,"fr":3098,"ca":1356,"en":3110},"_links":{"self":[{"href":"https:\/\/roldiwines.com\/index.php?rest_route=\/wp\/v2\/product\/3106","targetHints":{"allow":["GET"]}}],"collection":[{"href":"https:\/\/roldiwines.com\/index.php?rest_route=\/wp\/v2\/product"}],"about":[{"href":"https:\/\/roldiwines.com\/index.php?rest_route=\/wp\/v2\/types\/product"}],"wp:featuredmedia":[{"embeddable":true,"href":"https:\/\/roldiwines.com\/index.php?rest_route=\/wp\/v2\/media\/1384"}],"wp:attachment":[{"href":"https:\/\/roldiwines.com\/index.php?rest_route=%2Fwp%2Fv2%2Fmedia&parent=3106"}],"wp:term":[{"taxonomy":"product_brand","embeddable":true,"href":"https:\/\/roldiwines.com\/index.php?rest_route=%2Fwp%2Fv2%2Fproduct_brand&post=3106"},{"taxonomy":"product_cat","embeddable":true,"href":"https:\/\/roldiwines.com\/index.php?rest_route=%2Fwp%2Fv2%2Fproduct_cat&post=3106"},{"taxonomy":"product_tag","embeddable":true,"href":"https:\/\/roldiwines.com\/index.php?rest_route=%2Fwp%2Fv2%2Fproduct_tag&post=3106"}],"curies":[{"name":"wp","href":"https:\/\/api.w.org\/{rel}","templated":true}]}}