{"id":3572,"date":"2025-07-31T15:39:59","date_gmt":"2025-07-31T15:39:59","guid":{"rendered":"https:\/\/roldiwines.com\/?post_type=product&#038;p=3572"},"modified":"2026-02-13T17:55:13","modified_gmt":"2026-02-13T17:55:13","slug":"mascaro-cuvee-gran-reserva-antonio-mascaro-3","status":"publish","type":"product","link":"https:\/\/roldiwines.com\/?product=mascaro-cuvee-gran-reserva-antonio-mascaro-3&lang=fr","title":{"rendered":"Mascar\u00f3 Cuv\u00e9e Gran Reserva &#8211; Antonio Mascar\u00f3"},"content":{"rendered":"","protected":false},"excerpt":{"rendered":"<p>Viticulture biologique. Brut Nature Gran Reserva. Vieilli pendant plus de 100 mois. Apparence : Couleur ambr\u00e9e et brillante avec des bulles fines et \u00e9l\u00e9gantes. Bouquet : Ar\u00f4me g\u00e9n\u00e9reux et \u00e9quilibr\u00e9 de fruits secs. Palais : Sec, pur et cors\u00e9. La finale est longue, riche en nuances et harmonieuse.<\/p>\n","protected":false},"featured_media":915,"template":"","meta":{"_et_pb_use_builder":"","_et_pb_old_content":"","_et_gb_content_width":""},"product_brand":[1117],"product_cat":[534,625,913,998],"product_tag":[],"class_list":{"0":"post-3572","1":"product","2":"type-product","3":"status-publish","4":"has-post-thumbnail","6":"product_brand-antonio-mascaro___fr","7":"product_cat-chardonnay___fr","8":"product_cat-macabeu___fr","9":"product_cat-parellada___fr","10":"product_cat-cava___fr","12":"first","13":"instock","14":"taxable","15":"shipping-taxable","16":"purchasable","17":"product-type-variable","18":"has-default-attributes"},"pll_sync_post":{},"lang":"fr","translations":{"fr":3572,"es":3576,"de":3568,"ca":895,"en":3580},"_links":{"self":[{"href":"https:\/\/roldiwines.com\/index.php?rest_route=\/wp\/v2\/product\/3572","targetHints":{"allow":["GET"]}}],"collection":[{"href":"https:\/\/roldiwines.com\/index.php?rest_route=\/wp\/v2\/product"}],"about":[{"href":"https:\/\/roldiwines.com\/index.php?rest_route=\/wp\/v2\/types\/product"}],"wp:featuredmedia":[{"embeddable":true,"href":"https:\/\/roldiwines.com\/index.php?rest_route=\/wp\/v2\/media\/915"}],"wp:attachment":[{"href":"https:\/\/roldiwines.com\/index.php?rest_route=%2Fwp%2Fv2%2Fmedia&parent=3572"}],"wp:term":[{"taxonomy":"product_brand","embeddable":true,"href":"https:\/\/roldiwines.com\/index.php?rest_route=%2Fwp%2Fv2%2Fproduct_brand&post=3572"},{"taxonomy":"product_cat","embeddable":true,"href":"https:\/\/roldiwines.com\/index.php?rest_route=%2Fwp%2Fv2%2Fproduct_cat&post=3572"},{"taxonomy":"product_tag","embeddable":true,"href":"https:\/\/roldiwines.com\/index.php?rest_route=%2Fwp%2Fv2%2Fproduct_tag&post=3572"}],"curies":[{"name":"wp","href":"https:\/\/api.w.org\/{rel}","templated":true}]}}