{"id":4049,"date":"2025-07-23T16:00:17","date_gmt":"2025-07-23T16:00:17","guid":{"rendered":"https:\/\/roldiwines.com\/?post_type=product&#038;p=4049"},"modified":"2026-02-15T12:31:10","modified_gmt":"2026-02-15T12:31:10","slug":"racons-del-mas-polit-mas-polit-3","status":"publish","type":"product","link":"https:\/\/roldiwines.com\/?product=racons-del-mas-polit-mas-polit-3&lang=fr","title":{"rendered":"Racons del Mas P\u00f2lit &#8211; Mas Polit"},"content":{"rendered":"","protected":false},"excerpt":{"rendered":"<p>Un vin issu d&#8217;un tr\u00e8s vieux vignoble de 110 ans, en \u00e9dition limit\u00e9e \u00e0 500 bouteilles. Un vin issu d&#8217;une viticulture h\u00e9ro\u00efque. Un vignoble de montagne sur sol schisteux, situ\u00e9 sur les pentes de la Serra Balmeta. S\u00e9lectionn\u00e9 \u00e0 la main, il est ferment\u00e9 dans des cuves en acier, suivi d&#8217;un \u00e9levage de 12 mois et d&#8217;une fermentation malolactique sur lies en f\u00fbts de ch\u00eane fran\u00e7ais.<\/p>\n","protected":false},"featured_media":540,"template":"","meta":{"_et_pb_use_builder":"","_et_pb_old_content":"","_et_gb_content_width":""},"product_brand":[1566],"product_cat":[1819,1186,1524],"product_tag":[],"class_list":{"0":"post-4049","1":"product","2":"type-product","3":"status-publish","4":"has-post-thumbnail","6":"product_brand-mas-polit___fr","7":"product_cat-monastrell___fr","8":"product_cat-rouge___fr","9":"product_cat-do-emporda___fr","11":"first","12":"instock","13":"taxable","14":"shipping-taxable","15":"purchasable","16":"product-type-variable","17":"has-default-attributes"},"pll_sync_post":{},"lang":"fr","translations":{"fr":4049,"es":4051,"de":4047,"ca":537,"en":4053},"_links":{"self":[{"href":"https:\/\/roldiwines.com\/index.php?rest_route=\/wp\/v2\/product\/4049","targetHints":{"allow":["GET"]}}],"collection":[{"href":"https:\/\/roldiwines.com\/index.php?rest_route=\/wp\/v2\/product"}],"about":[{"href":"https:\/\/roldiwines.com\/index.php?rest_route=\/wp\/v2\/types\/product"}],"wp:featuredmedia":[{"embeddable":true,"href":"https:\/\/roldiwines.com\/index.php?rest_route=\/wp\/v2\/media\/540"}],"wp:attachment":[{"href":"https:\/\/roldiwines.com\/index.php?rest_route=%2Fwp%2Fv2%2Fmedia&parent=4049"}],"wp:term":[{"taxonomy":"product_brand","embeddable":true,"href":"https:\/\/roldiwines.com\/index.php?rest_route=%2Fwp%2Fv2%2Fproduct_brand&post=4049"},{"taxonomy":"product_cat","embeddable":true,"href":"https:\/\/roldiwines.com\/index.php?rest_route=%2Fwp%2Fv2%2Fproduct_cat&post=4049"},{"taxonomy":"product_tag","embeddable":true,"href":"https:\/\/roldiwines.com\/index.php?rest_route=%2Fwp%2Fv2%2Fproduct_tag&post=4049"}],"curies":[{"name":"wp","href":"https:\/\/api.w.org\/{rel}","templated":true}]}}