{"id":551,"date":"2025-07-23T16:31:11","date_gmt":"2025-07-23T16:31:11","guid":{"rendered":"https:\/\/roldiwines.com\/?product=parato-parato-vinicola"},"modified":"2026-02-15T12:27:00","modified_gmt":"2026-02-15T12:27:00","slug":"parato-parato-vinicola","status":"publish","type":"product","link":"https:\/\/roldiwines.com\/?product=parato-parato-vinicola","title":{"rendered":"Parat\u00f3 &#8211; Parato Vinicola"},"content":{"rendered":"","protected":false},"excerpt":{"rendered":"<p>Gran vi de Mas, ra\u00efm d&#8217;una unica parcel.la amb vinya de 110 anys. Fermentaci\u00f3 malolactica i Crian\u00e7a en barriques de roure franc\u00e8s i americ\u00e0 de 300 litres.<\/p>\n","protected":false},"featured_media":555,"template":"","meta":{"_et_pb_use_builder":"","_et_pb_old_content":"","_et_gb_content_width":""},"product_brand":[121],"product_cat":[136,37,52],"product_tag":[],"class_list":{"0":"post-551","1":"product","2":"type-product","3":"status-publish","4":"has-post-thumbnail","6":"product_brand-parato-vinicola","7":"product_cat-negre","8":"product_cat-do-penedes","9":"product_cat-carinyena-vella","11":"first","12":"instock","13":"taxable","14":"shipping-taxable","15":"purchasable","16":"product-type-variable","17":"has-default-attributes"},"pll_sync_post":[],"lang":"ca","translations":{"ca":551,"es":4019,"fr":4017,"de":4015,"en":4021},"_links":{"self":[{"href":"https:\/\/roldiwines.com\/index.php?rest_route=\/wp\/v2\/product\/551","targetHints":{"allow":["GET"]}}],"collection":[{"href":"https:\/\/roldiwines.com\/index.php?rest_route=\/wp\/v2\/product"}],"about":[{"href":"https:\/\/roldiwines.com\/index.php?rest_route=\/wp\/v2\/types\/product"}],"wp:featuredmedia":[{"embeddable":true,"href":"https:\/\/roldiwines.com\/index.php?rest_route=\/wp\/v2\/media\/555"}],"wp:attachment":[{"href":"https:\/\/roldiwines.com\/index.php?rest_route=%2Fwp%2Fv2%2Fmedia&parent=551"}],"wp:term":[{"taxonomy":"product_brand","embeddable":true,"href":"https:\/\/roldiwines.com\/index.php?rest_route=%2Fwp%2Fv2%2Fproduct_brand&post=551"},{"taxonomy":"product_cat","embeddable":true,"href":"https:\/\/roldiwines.com\/index.php?rest_route=%2Fwp%2Fv2%2Fproduct_cat&post=551"},{"taxonomy":"product_tag","embeddable":true,"href":"https:\/\/roldiwines.com\/index.php?rest_route=%2Fwp%2Fv2%2Fproduct_tag&post=551"}],"curies":[{"name":"wp","href":"https:\/\/api.w.org\/{rel}","templated":true}]}}